NOAA-Style Climate Reports

Select a Year or Month report
V/Λ2020 > Jan Feb Mar Apr May Jun Jul Aug Sep Oct Nov Dec
V/Λ2019 > Jan Feb Mar Apr May Jun Jul Aug Sep Oct Nov Dec
V/Λ2018 > Jan Feb Mar Apr May Jun Jul Aug Sep Oct Nov Dec
V/Λ2017 > Jan Feb Mar Apr May Jun Jul Aug Sep Oct Nov Dec
V/Λ2016 > Jan Feb Mar Apr May Jun Jul Aug Sep Oct Nov Dec

Report for 2020 Feb
                   Monthly Climatological Summary for Feb 2020

Name: Desford Weather   City: Leicester   State: England
Elevation: 134 m  Lat: N 52 37 26   Lon: W 001 18 24

                  Temperature (°C), Rain (mm), Wind Speed (mph)

                                      Heat  Cool        Avg
    Mean                              Deg   Deg         Wind                 Dom
Day Temp  High   Time   Low    Time   Days  Days  Rain  Speed High   Time    Dir
----------------------------------------------------------------------------------
01   9.2  10.8   14:14   6.8   21:58   9.1   0.0   0.0  13.9  40.3   14:22     W
02   8.5  12.4   14:07   5.6   06:10   9.8   0.0   2.1   7.4  28.9   14:20   WSW
03   7.7  10.0   02:11   4.6   23:38  10.6   0.0   0.0  12.7  30.4   03:32     W
04   6.3   8.8   15:34   4.3   00:22  12.0   0.0   0.0  11.2  34.9   06:39   WNW
05   5.3   8.7   15:23   3.1   23:53  13.0   0.0   0.0   2.7  13.0   11:45     W
06   4.4  10.9   14:43  -0.1   07:40  13.9   0.0   0.3   1.1   6.0   00:03   SSW
07   5.2   9.4   23:55   0.7   05:08  13.1   0.0   0.0   4.4  19.7   20:37     S
08   8.1  10.3   13:21   5.6   07:29  10.2   0.0   1.8  10.2  34.9   23:59    SW
09  10.2  13.3   12:08   6.8   22:54   8.1   0.0  49.8  21.2  54.8   22:36   WSW
10   5.0   7.8   11:24   1.4   14:58  13.3   0.0   3.0  16.0  43.4   12:05     W
11   4.4   6.4   12:58   2.9   21:32  13.9   0.0   0.9  17.3  42.5   15:16     W
12   4.4   8.7   12:27   1.4   05:50  13.9   0.0   0.0   9.2  29.8   12:57   WSW
13   6.3   8.8   12:58   3.9   23:46  12.0   0.0   6.0   7.7  22.1   04:37   WSW
14   6.9  10.8   14:07   2.7   07:42  11.3   0.0   0.3   5.7  25.9   11:11    SW
15  11.0  13.4   20:46   8.1   03:16   7.3   0.0   9.6  13.4  41.2   18:31    SW
16   8.4  13.0   02:31   4.0   20:19   9.9   0.0  12.3  14.7  41.2   20:08   WSW
17   6.7  10.8   13:57   4.3   01:59  11.6   0.0   0.3  14.1  34.9   03:41   WSW
18   5.8   9.1   13:17   3.1   20:18  12.5   0.0   1.2  11.7  34.2   11:25   WSW
19   5.8   8.7   21:41   3.0   05:13  12.5   0.0   1.2   8.8  25.1   00:06   WSW
20   7.1  10.9   10:43   4.0   22:58  11.2   0.0   4.5  12.8  41.8   11:20   WSW
21   7.4  10.3   15:46   3.8   02:18  10.9   0.0   1.2  12.8  43.4   21:32   WSW
22   9.2  11.9   07:14   7.2   23:58   9.1   0.0   5.1  16.4  47.2   07:11     W
23   8.1  12.3   07:49   5.4   23:58  10.2   0.0   5.1  11.1  43.4   06:48     W
24   8.3  12.8   14:36   4.8   05:06  10.0   0.0   5.1  11.4  37.4   14:06   WSW
25   4.7   7.5   11:26   1.6   23:53  13.6   0.0   1.5  11.1  28.9   11:36     W
26   3.8   7.5   14:26   1.6   03:49  14.5   0.0   0.3  10.5  32.7   11:04     W
27   3.6   6.7   12:44   0.8   06:50  14.7   0.0   2.4   7.8  32.0   12:14   WNW
----------------------------------------------------------------------------------
     6.7  13.4    15    -0.1     6   312.2   0.0 114.0  11.0  54.8     9     WSW

Max >=  27.0  0
Max <=   0.0  0
Min <=   0.0  1
Min <= -18.0  0
Max Rain: 49.8 on day 9
Days of Rain: 21 (>= 0.2 mm)  11 (>= 2.0 mm)  1 (>= 20.0 mm)
Heat Base: 18.3  Cool Base: 18.3  Method: Integration
:now::gauges::today::yesterday::this month::this year::records::monthly records::top 10 records::NOAA reports::trends::forum:


Page updated 28/02/2020 07:42:12
powered by Cumulus