NOAA-Style Climate Reports

Select a Year or Month report

Report for 2019 Nov
                   Monthly Climatological Summary for Nov 2019

Name: Desford Weather   City: Leicester   State: England
Elevation: 135 m  Lat: N 52 37 26   Lon: W 001 18 24

                  Temperature (°C), Rain (mm), Wind Speed (mph)

                                      Heat  Cool        Avg
    Mean                              Deg   Deg         Wind                 Dom
Day Temp  High   Time   Low    Time   Days  Days  Rain  Speed High   Time    Dir
----------------------------------------------------------------------------------
01  12.5  15.1   21:43   8.2   01:10   5.8   0.0   4.8   5.4  19.7   13:12   SSW
02  10.6  14.4   00:00   8.8   07:29   7.7   0.0   4.2   8.4  32.0   12:18    SW
03   9.9  11.9   13:12   9.1   20:30   8.4   0.0   0.9   3.1  10.7   00:36   WSW
04   9.7  12.6   10:36   7.5   20:51   8.6   0.0   1.5   2.1   8.3   14:07   SSE
05   9.5  11.8   12:39   5.7   23:21   8.8   0.0   2.7   4.0  17.4   14:40   NNE
06   5.9   8.0   14:55   1.6   06:46  12.4   0.0   0.9   2.2   9.2   23:05     S
07   7.1   8.6   12:37   6.3   22:32  11.2   0.0   8.4   4.1  15.9   12:59   WSW
08   6.5   9.3   12:58   2.9   23:51  11.8   0.0   4.2   4.5  25.1   04:47     N
09   3.5   5.7   14:05  -0.6   07:07  14.8   0.0  10.2   3.6  17.4   20:39   ESE
10   6.6  11.5   14:36   4.5   05:52  12.6   0.0   0.3   3.2  15.9   02:06     E
11   6.8   9.0   12:40   4.3   23:14  11.5   0.0   5.7  11.2  29.8   14:09     W
12   6.3   8.3   17:24   3.8   07:28  12.3   0.0   0.9  11.3  29.8   10:48     W
13   5.9   9.4   13:31   3.9   06:52  13.0   0.0   0.0   5.3  15.9   23:28    SW
14   5.9   7.2   06:51   4.5   16:06  12.4   0.0  18.6   6.8  27.3   10:28     E
15   7.1   8.6   14:04   5.6   00:00  11.1   0.0   2.4   4.6  19.0   20:19    NE
16   7.9  10.2   10:31   6.7   07:05  10.4   0.0   0.3   2.7  12.1   00:40   WSW
17   8.0   9.1   12:16   5.8   23:50  10.0   0.0   4.8   2.9  16.8   17:35   NNE
18   5.3   9.3   12:46   1.5   23:43  13.0   0.0   0.0   3.0  11.4   12:49     N
19   3.8   6.8   14:31   0.1   02:43  14.4   0.0   0.3   1.9   8.3   11:43   SSE
20   5.1   7.6   12:38   2.6   22:52  13.2   0.0   0.0   5.1  68.7   11:35    SE
21   4.7   6.1   23:36   2.6   00:00  13.6   0.0   0.0   7.2  20.6   15:09   ESE
----------------------------------------------------------------------------------
     7.1  15.1     1    -0.6     9   237.0   0.0  71.1   4.9  68.7    20      SW

Max >=  27.0  0
Max <=   0.0  0
Min <=   0.0  1
Min <= -18.0  0
Max Rain: 18.6 on day 14
Days of Rain: 17 (>= 0.2 mm)  10 (>= 2.0 mm)  0 (>= 20.0 mm)
Heat Base: 18.3  Cool Base: 18.3  Method: Integration
:now::gauges::today::yesterday::this month::this year::records::monthly records::top 10 records::NOAA reports::trends::forum:


Page updated 22/11/2019 09:26:54
powered by Cumulus